 of 163315?
5, 89, 367
List the prime factors of 69.
3, 23
What are the prime factors of 1463?
7, 11, 19
List the prime factors of 72969.
3, 13, 1871
List the prime factors of 514.
2, 257
What are the prime factors of 6753?
3, 2251
What are the prime factors of 1898?
2, 13, 73
What are the prime factors of 2500?
2, 5
List the prime factors of 45650.
2, 5, 11, 83
What are the prime factors of 24646?
2, 12323
List the prime factors of 25120.
2, 5, 157
List the prime factors of 2705.
5, 541
List the prime factors of 4461.
3, 1487
What are the prime factors of 706?
2, 353
What are the prime factors of 7629?
3, 2543
What are the prime factors of 38?
2, 19
What are the prime factors of 18803?
18803
List the prime factors of 3819.
3, 19, 67
List the prime factors of 722.
2, 19
What are the prime factors of 435?
3, 5, 29
What are the prime factors of 57118?
2, 28559
What are the prime factors of 10183?
17, 599
What are the prime factors of 28872?
2, 3, 401
What are the prime factors of 507?
3, 13
List the prime factors of 51058.
2, 7, 521
List the prime factors of 43.
43
What are the prime factors of 18555?
3, 5, 1237
What are the prime factors of 41287?
19, 41, 53
List the prime factors of 5839.
5839
List the prime factors of 138026.
2, 7, 9859
What are the prime factors of 63273?
3, 7, 23, 131
List the prime factors of 518.
2, 7, 37
What are the prime factors of 1363?
29, 47
What are the prime factors of 14635?
5, 2927
List the prime factors of 5269.
11, 479
List the prime factors of 414.
2, 3, 23
What are the prime factors of 8462?
2, 4231
What are the prime factors of 187?
11, 17
What are the prime factors of 644?
2, 7, 23
List the prime factors of 135764.
2, 33941
List the prime factors of 4164.
2, 3, 347
What are the prime factors of 107578?
2, 19, 149
What are the prime factors of 52584?
2, 3, 7, 313
List the prime factors of 713.
23, 31
List the prime factors of 118108.
2, 29527
What are the prime factors of 21799?
21799
What are the prime factors of 2623?
43, 61
What are the prime factors of 35231?
7, 719
List the prime factors of 8017.
8017
What are the prime factors of 986?
2, 17, 29
List the prime factors of 3832.
2, 479
List the prime factors of 2712.
2, 3, 113
List the prime factors of 1225.
5, 7
What are the prime factors of 2556?
2, 3, 71
List the prime factors of 18735.
3, 5, 1249
List the prime factors of 14.
2, 7
List the prime factors of 3006.
2, 3, 167
What are the prime factors of 969?
3, 17, 19
List the prime factors of 317.
317
What are the prime factors of 21008?
2, 13, 101
What are the prime factors of 2078?
2, 1039
List the prime factors of 59780.
2, 5, 7, 61
What are the prime factors of 11198?
2, 11, 509
List the prime factors of 3499.
3499
What are the prime factors of 4212?
2, 3, 13
List the prime factors of 4880.
2, 5, 61
List the prime factors of 15695.
5, 43, 73
List the prime factors of 62651.
31, 43, 47
What are the prime factors of 1301?
1301
What are the prime factors of 101071?
53, 1907
What are the prime factors of 697?
17, 41
List the prime factors of 5917.
61, 97
List the prime factors of 14592.
2, 3, 19
List the prime factors of 846.
2, 3, 47
List the prime factors of 39212.
2, 9803
What are the prime factors of 445?
5, 89
What are the prime factors of 615?
3, 5, 41
What are the prime factors of 28949?
28949
What are the prime factors of 18531?
3, 29, 71
List the prime factors of 1563.
3, 521
List the prime factors of 669.
3, 223
What are the prime factors of 9305?
5, 1861
What are the prime factors of 1464?
2, 3, 61
What are the prime factors of 11046?
2, 3, 7, 263
List the prime factors of 23131.
23131
List the prime factors of 3348.
2, 3, 31
What are the prime factors of 13021?
29, 449
List the prime factors of 24517.
24517
What are the prime factors of 20280?
2, 3, 5, 13
What are the prime factors of 189?
3, 7
List the prime factors of 849.
3, 283
What are the prime factors of 71359?
71359
List the prime factors of 38470.
2, 5, 3847
What are the prime factors of 300?
2, 3, 5
What are the prime factors of 14025?
3, 5, 11, 17
List the prime factors of 37274.
2, 18637
What are the prime factors of 5180?
2, 5, 7, 37
What are the prime factors of 26553?
3, 53, 167
List the prime factors of 12660.
2, 3, 5, 211
What are the prime factors of 10575?
3, 5, 47
What are the prime factors of 31413?
3, 37, 283
What are the prime factors of 51603?
3, 103, 167
List the prime factors of 2502.
2, 3, 139
List the prime factors of 77726.
2, 11, 3533
List the prime factors of 59206.
2, 7, 4229
What are the prime factors of 3213?
3, 7, 17
What are the prime factors of 672?
2, 3, 7
What are the prime factors of 6892?
2, 1723
List the prime factors of 17896.
2, 2237
List the prime factors of 14121.
3, 523
What are the prime factors of 2376?
2, 3, 11
List the prime factors of 42927.
3, 41, 349
List the prime factors of 5899.
17, 347
List the prime factors of 60694.
2, 30347
List the prime factors of 20765.
5, 4153
List the prime factors of 796.
2, 199
List the prime factors of 78625.
5, 17, 37
What are the prime factors of 7536?
2, 3, 157
List the prime factors of 9261.
3, 7
What are the prime factors of 4827?
3, 1609
List the prime factors of 2698.
2, 19, 71
What are the prime factors of 2862?
2, 3, 53
List the prime factors of 684.
2, 3, 19
List the prime factors of 61737.
3, 13, 1583
What are the prime factors of 433?
433
What are the prime factors of 20386?
2, 10193
What are the prime factors of 48576?
2, 3, 11, 23
List the prime factors of 1255.
5, 251
List the prime factors of 335.
5, 67
List the prime factors of 85939.
7, 12277
List the prime factors of 19774.
2, 9887
What are the prime factors of 18523?
18523
What are the prime factors of 476?
2, 7, 17
List the prime factors of 2759.
31, 89
What are the prime factors of 89807?
31, 2897
What are the prime factors of 1821?
3, 607
List the prime factors of 398.
2, 199
List the prime factors of 10934.
2, 7, 11, 71
List the prime factors of 6099.
3, 19, 107
What are the prime factors of 4403?
7, 17, 37
What are the prime factors of 2184?
2, 3, 7, 13
What are the prime factors of 9880?
2, 5, 13, 19
What are the prime factors of 60971?
19, 3209
List the prime factors of 30696.
2, 3, 1279
List the prime factors of 92.
2, 23
List the prime factors of 539.
7, 11
List the prime factors of 1415.
5, 283
What are the prime factors of 856?
2, 107
List the prime factors of 6025.
5, 241
What are the prime factors of 17558?
2, 8779
List the prime factors of 14967.
3, 1663
What are the prime factors of 536?
2, 67
List the prime factors of 14723.
14723
List the prime factors of 76623.
3, 25541
What are the prime factors of 111104?
2, 7, 31
What are the prime factors of 30887?
67, 461
List the prime factors of 29656.
2, 11, 337
What are the prime factors of 4080?
2, 3, 5, 17
What are the prime factors of 3318?
2, 3, 7, 79
List the prime factors of 3575.
5, 11, 13
What are the prime factors of 1058?
2, 23
List the prime factors of 3938.
2, 11, 179
List the prime factors of 82308.
2, 3, 19
List the prime factors of 42771.
3, 53, 269
List the prime factors of 297.
3, 11
What are the prime factors of 15690?
2, 3, 5, 523
List the prime factors of 463.
463
What are the prime factors of 30353?
127, 239
List the prime factors of 3885.
3, 5, 7, 37
List the prime factors of 32936.
2, 23, 179
What are the prime factors of 590?
2, 5, 59
What are the prime factors of 10911?
3, 3637
What are the prime factors of 1741?
1741
List the prime factors of 80.
2, 5
What are the prime factors of 103025?
5, 13, 317
What are the prime factors of 962?
2, 13, 37
What are the prime factors of 15266?
2, 17, 449
What are the prime factors of 13506?
2, 3, 2251
What are the prime factors of 1458?
2, 3
List the prime factors of 3729.
3, 11, 113
What are the prime factors of 3963?
3, 1321
What are the prime factors of 100787?
100787
List the prime factors of 6475.
5, 7, 37
What are the prime factors of 582?
2, 3, 97
List the prime factors of 10437.
3, 7, 71
What are the prime factors of 1347?
3, 449
List the prime factors of 22828.
2, 13, 439
What are the prime factors of 2303?
7, 47
List the prime factors of 10925.
5, 19, 23
List the prime factors of 2144.
2, 67
List the prime factors of 7059.
3, 13, 181
What are the pr